2
Let r(z) = -3*z**3 + 33*z**2 + 62*z - 303. What is r(12)?
9
Let y(j) = j**3 + 139*j**2 - 1000*j + 3203. Determine y(-146).
-9
Let w(a) = 18*a**2 - 212*a - 1636. Calculate w(-8).
1212
Let o(h) = -679*h + 251916. What is o(371)?
7
Let k(x) = 4*x**2 - 3192*x + 80313. Determine k(26).
25
Let m(u) = -2910*u - 1705217. What is m(-586)?
43
Let w(g) = -6453*g - 31860. Calculate w(-5).
405
Let z(p) = -5*p**2 - 1249*p + 2119. What is z(0)?
2119
Let u(z) = 31*z + 877. What is u(34)?
1931
Let w(h) = 85*h**3 - 6*h**2 + 57*h - 104. Give w(2).
666
Let b(r) = 4*r**3 - 81*r**2 + 9182*r - 183212. Determine b(20).
28
Let i(z) = 2*z**3 - 107*z**2 - 12099*z - 4. What is i(109)?
-4
Let m(t) = -608*t**3 + 3*t**2 - 15*t + 12. What is m(1)?
-608
Let y(v) = -4*v**2 - 1180*v - 2338. Determine y(-293).
6
Let b(a) = 57*a**2 + 7188*a + 7187. Give b(-1).
56
Let a(s) = -s**2 - 239*s - 15130. Calculate a(-60).
-4390
Let p(d) = 15*d**2 - 253*d - 342. Determine p(11).
-1310
Let l(z) = 30*z**2 - 31491*z + 31496. Determine l(1).
35
Let k(h) = -h**2 - 1568*h - 330572. Calculate k(-1317).
-5
Let b(r) = -18836*r - 7364866. What is b(-391)?
10
Let p(a) = 2*a**2 - 1307*a - 10313. Determine p(-8).
271
Let b(t) = -4*t**3 - 419*t**2 - 1148*t - 131571. Calculate b(-105).
-6
Let m(p) = -p**3 + 23*p**2 - 35*p + 55. Calculate m(19).
834
Let l(u) = 101*u + 8586. Give l(-23).
6263
Let j(h) = -407*h + 2486. Calculate j(6).
44
Let i(h) = -3*h**2 - 9075*h - 2012842. What is i(-241)?
-10
Let p(c) = -301*c**2 + 939*c + 8180. Determine p(7).
4
Let q(u) = 1126795*u + 1126797. What is q(-1)?
2
Let j(p) = -12319*p + 318698. Give j(26).
-1596
Let v(j) = 164*j + 2686. Calculate v(-17).
-102
Let q(z) = z**3 - 15*z**2 - 120*z + 1141. Determine q(7).
-91
Let n(p) = -4*p**3 + 276*p**2 + 1785*p - 93. What is n(-6)?
-3
Let m(s) = 1090*s**2 + 7604*s - 184. Determine m(-7).
-2
Let g(p) = 7233*p + 43567. Calculate g(-6).
169
Let r(b) = -3218*b + 196262. What is r(61)?
-36
Let w(f) = -f**3 - 237*f**2 - 483*f - 2933. Give w(-235).
122
Let c(t) = -t**2 + 126558*t + 4050883. Determine c(-32).
3
Let x(n) = 22*n**3 + 6*n**2 - n - 19. Calculate x(-2).
-169
Let m(w) = 3*w**3 - 199*w**2 + 83*w - 1098. Give m(66).
24
Let o(z) = 13*z**2 + 1002*z + 2975. Determine o(-74).
15
Let w(y) = y**2 - 649*y + 104439. Calculate w(353).
-49
Let y(z) = 27*z**2 - 7*z - 623. What is y(-10)?
2147
Let g(j) = -12*j**3 - 10*j**2 + 52*j - 287. Determine g(6).
-2927
Let i(a) = a**3 + 17*a**2 - 76*a + 48. What is i(4)?
80
Let l(v) = 1641*v - 218275. Determine l(133).
-22
Let c(k) = -4*k**2 + 694*k - 29885. Give c(80).
35
Let a(i) = 2*i**2 - 596*i + 14632. Give a(271).
-2
Let z(r) = -2*r**3 - 27*r**2 + 76*r + 497. Give z(-12).
-847
Let a(d) = -5862*d - 158608. Calculate a(-27).
-334
Let q(l) = l**3 - 87*l**2 + 8*l + 312. What is q(87)?
1008
Let o(f) = -f**2 - 1201*f + 19293. Calculate o(16).
-179
Let y(w) = 3*w**2 + 32*w + 74. Calculate y(14).
1110
Let v(q) = 6*q**2 - 4289*q + 29995. What is v(7)?
266
Let s(u) = -1562*u + 28152. What is s(18)?
36
Let n(u) = -10341*u - 72275. Calculate n(-7).
112
Let c(t) = 43*t**2 + 11981*t + 19398. What is c(-277)?
8
Let j(s) = -s**3 + 77*s**2 - 101*s + 1895. What is j(76)?
-5
Let z(n) = 10*n**2 + 42*n + 573. What is z(-18)?
3057
Let q(k) = -285*k - 680. Give q(-3).
175
Let r(t) = t**2 - 15972*t + 621388. Give r(39).
1
Let i(o) = 6447*o + 64464. What is i(-10)?
-6
Let s(t) = 1944*t - 17344. Give s(9).
152
Let k(i) = -31914*i + 3414843. What is k(107)?
45
Let z(i) = i**2 - 5041*i + 60333. Give z(12).
-15
Let k(h) = h**3 + 8*h**2 - 366*h + 26. Calculate k(18).
1862
Let h(y) = y**3 - 146*y**2 - 129*y - 830. Give h(147).
1816
Let r(w) = 263962*w - 1583738. Calculate r(6).
34
Let t(p) = p**3 - 25*p**2 + 30*p - 682. Determine t(26).
774
Let q(w) = w**3 + 24*w**2 + 6*w - 256. What is q(-25)?
-1031
Let o(b) = -7*b**3 + 191*b**2 - 48*b + 12. What is o(27)?
174
Let u(c) = 135*c**2 - 846*c + 489. Calculate u(5).
-366
Let k(p) = -2970*p - 1098977. Calculate k(-370).
-77
Let n(f) = 2*f**3 - 137*f**2 - 154*f + 6588. Determine n(69).
723
Let k(u) = 1836*u + 208470. Give k(-113).
1002
Let v(j) = -2*j**3 - 594*j**2 - 589*j + 3556. Determine v(-296).
2668
Let a(v) = -v**2 - 100*v - 2642. Give a(-49).
-143
Let s(a) = -3391*a - 250894. Calculate s(-74).
40
Let p(c) = -26*c + 2472. Give p(99).
-102
Let m(u) = -u**3 - 40*u**2 + 28*u - 557. What is m(-42)?
1795
Let n(m) = -2*m**3 + 69*m**2 - 535*m - 62. What is n(10)?
-512
Let b(q) = -694*q + 4333. Determine b(6).
169
Let q(i) = -11*i**3 - 401*i**2 + 2042*i + 11. What is q(5)?
-1179
Let g(a) = 2*a**2 + 438*a + 24109. Calculate g(-106).
153
Let q(j) = 328*j - 117715. Determine q(358).
-291
Let b(v) = 1312*v - 40009. Determine b(30).
-649
Let t(o) = -399*o + 4215. Give t(11).
-174
Let k(s) = -24*s**3 + 238*s**2 + 19*s - 71. Calculate k(4).
2277
Let q(u) = -27352*u + 246543. What is q(9)?
375
Let o(a) = -6*a**3 - 4*a**2 - 88*a - 310. Calculate o(-7).
2168
Let z(j) = -2*j**3 + 79*j**2 + 881*j - 21. Determine z(-10).
1069
Let a(x) = -x**3 - 24*x + 11. Determine a(6).
-349
Let s(p) = 2*p**3 + 6*p**2 - 543*p - 3920. Calculate s(-9).
-5
Let z(o) = -2*o**2 + 636*o - 21897. What is z(39)?
-135
Let r(g) = g**2 - 164*g + 5348. Give r(97).
-1151
Let f(z) = -z**3 - 104*z**2 - 1307*z + 2518. Calculate f(-89).
26
Let t(n) = n**3 - 106*n**2 - 1956*n + 567. Give t(122).
79
Let c(p) = p**3 - 17*p**2 + 105*p - 1807. Give c(17).
-22
Let n(c) = 3*c**3 - 194*c**2 + 2720*c + 529. Determine n(44).
177
Let m(p) = -221*p**3 - 1104*p**2 - 41. Calculate m(-5).
-16
Let z(f) = 892*f + 85613. Determine z(-96).
-19
Let a(h) = -222476*h + 667423. Give a(3).
-5
Let x(j) = -j**2 + 244*j + 45416. What is x(368)?
-216
Let p(v) = v**3 - 65*v**2 + 170*v + 504. Calculate p(62).
-488
Let l(t) = 7*t**3 + 1684*t**2 - 675*t + 11579. Give l(-241).
11
Let p(g) = -g**2 - 24*g - 120. Determine p(-36).
-552
Let x(v) = v**3 - 558*v**2 - 1159*v - 72. Give x(-2).
6
Let c(g) = 128*g**2 + 1690*g + 138. Determine c(-13).
-200
Let l(r) = -1131*r - 72103. Determine l(-64).
281
Let z(d) = -d**2 + 143*d + 3251. Determine z(-20).
-9
Let l(n) = -129831*n - 7400373. Determine l(-57).
-6
Let l(o) = 23579*o - 353672. What is l(15)?
13
Let o(j) = -96*j**2 - 87637*j + 10040. Calculate o(-913).
-3
Let f(w) = -2*w**2 - 271*w + 74656. What is f(137)?
-9
Let x(c) = -2*c**2 + 23*c + 1681. Determine x(36).
-83
Let k(n) = -12918*n + 180864. What is k(14)?
12
Let f(k) = -19*k**3 - 3*k**2 + 17358*k - 34713. What is f(2)?
-161
Let x(q) = 24*q**2 + 132*q - 58. Calculate x(-8).
422
Let w(i) = i**2 - 18229*i + 22. Give w(0).
22
Let z(s) = s**3 + 123*s**2 + 965*s + 30771. Calculate z(-117).
0
Let m(g) = 2*g**3 - 545*g**2 - 1934*g - 508. Give m(276).
-1060
Let z(l) = -193*l**3 + l**2 - 276*l - 7. Calculate z(0).
-7
Let n(a) = 725*a + 2783. Determine n(-5).
-842
Let p(z) = 58850*z - 2412846. What is p(41)?
4
Let x(r) = -649*r - 49958. Calculate x(-77).
15
Let k(j) = -2*j**3 - 6*j**2 + 38. What is k(-6)?
254
Let v(h) = 3603*h - 129659. Calculate v(36).
49
Let d(v) = -2*v**3 + 120*v**2 - 1070*v - 259. Calculate d(49).
133
Let t(b) = 7*b**2 + 137*b - 703. Give t(6).
371
Let h(i) = 15323*i + 61261. Give h(-4).
-31
Let t(q) = -15*q**2 + 4989*q - 414155. Calculate t(173).
7
Let i(t) = 59*t**2 - 3054*t - 717. Give i(52).
11
Let q(d) = 7556*d - 272017. What is q(36)?
-1
Let n(t) = 5*t**3 + 289*t**2 + 1269*t + 59338. Calculate n(-57).
1
Let a(y) = -363*y + 33756. Give a(93).
-3
Let k(s) = -5*s**3 - 3*s**2 + 43*s - 173. Give k(5).
-658
Let x(z) = 107*z**2 + 24499*z + 288. Give x(-229).
1204
Let p(z) = 19*z**2 + 149*z - 907. Calculate p(5).
313
Let w(c) = 2*c**2 + 2937*c - 1812561. Determine w(468).
3
Let x(s) = 212*s + 40543. Determine x(-175).
3443
Let r(h) = -3004*h - 192560. Give r(-64).
-304
Let d(h) = 2*h**3 - 1333*h**2 - 49788*h - 37902. What is d(702)?
6
Let n(b) = 3*b**3 + 57*b**2 - 440*b + 216. What is n(-25)?
-34
Let f(g) = -2*g**2 + 77*g + 980. Determine f(-10).
10
Let u(z) = 3144*z + 15279. Calculate u(-5).
-441
Let g(h) = 38320*h + 115041. Calculate g(-3).
81
Let u(z) = 44*z**3 - 301*z**2 - 6*z + 7. Calculate u(7).
308
Let o(h) = -752*h**2 - 77447*h + 167. Give o(-103).
-760
Let j(b) = 25*b**2 + 2450*b - 2494. Give j(-99).
-19
Let y(b) = 3962*b + 188842. C